 divided by 26.
25
Calculate the remainder when 3/1*266/21 is divided by 13.
12
Let g(c) = c**3 + 6*c**2 + 4*c - 2. Suppose 4*y - 563 = 37. Suppose 0*n = -5*n + p + 138, -y = -5*n + 5*p. Calculate the remainder when n is divided by g(-4).
13
Let b = 150 - 231. Let c = b + 115. Suppose -54 = -4*h + 2*v, -3*h + 5*v - c = -6*h. What is the remainder when 25 is divided by h?
12
Suppose 2*r - 6 = 0, 4*w = r + 2*r + 47. Suppose 0 = -2*i + 3*k + k + 50, 50 = 2*i + 5*k. Calculate the remainder when i is divided by w.
11
Let m(r) = -56*r**2 - 6*r + 9. Let u be m(6). Calculate the remainder when 3/(-7) + u/(-63) is divided by 7.
4
Suppose -p - 9 - 49 = 0. Let f = p + 87. Suppose 88 = 3*x + 2*w + f, -4*x - 3*w = -77. Calculate the remainder when x is divided by 12.
11
Suppose -4*y + 32 = -3*y. Let r(p) = 8*p - 1. Calculate the remainder when y is divided by r(1).
4
Suppose d = u + 149, d - 11*u = -8*u + 153. Calculate the remainder when d is divided by 38.
33
Let b(k) = k + 2. Let g be ((-10)/(-6))/(4/36). Suppose -g = -a + 2. Calculate the remainder when a is divided by b(4).
5
Let l(y) = y**2. Let h be l(3). Let k = h - 7. Suppose 0*d - 2*t = -2*d + 4, 0 = 5*d + 3*t - k. Calculate the remainder when 2 is divided by d.
0
Let v = -8 + 4. Let m = 4 + v. Let l = m + 7. Calculate the remainder when 12 is divided by l.
5
Let m(l) be the first derivative of 2*l**3 - 2*l**2 - 7*l - 1. Calculate the remainder when m(5) is divided by 31.
30
Suppose q = -7 + 19. Suppose -q = -2*d + 2. What is the remainder when 138/d + (-6)/(-21) is divided by 11?
9
Let d(y) = -11*y - 15. Calculate the remainder when 77 is divided by d(-5).
37
Let f = 89 - 77. Let b(d) = 3*d**2 + 3*d - 3. What is the remainder when b(3) is divided by f?
9
What is the remainder when (9 + -6)*95/3 is divided by 33?
29
Let t(k) = 3*k + 1. Let w(y) = -y + 14. Let j be w(12). Calculate the remainder when 11 is divided by t(j).
4
Let b(s) = s + 18. What is the remainder when b(-5) is divided by 4?
1
Let u = -12 - -16. What is the remainder when 14 is divided by (-21)/(-6) + 6/u?
4
What is the remainder when 32 - 1 - (4 - 3) is divided by -24*(8/(-3) + 2)?
14
Let j be 18/15*(3 + 2). What is the remainder when 5 is divided by (-1 + j)*(-4)/(-10)?
1
Let q = -20 - -28. Suppose 0 = j - 5*j + q. Suppose 0*u + j*u - 46 = 0. What is the remainder when u is divided by 12?
11
Suppose 3*j - 20 = 2*j. Suppose q - j = 4*k, 2*q - 13 = -0*q - k. What is the remainder when q is divided by 3?
2
Suppose -5*g = 5*q - 175, 4*q + g + 4*g = 145. What is the remainder when 445/(-20)*8/(-2) is divided by q?
29
Let q be (260/(-50))/(2/(-30)). Suppose -2*k = -0*k - q. Suppose 5*u = -2*a + 72, 0*u - 4*a - 24 = -2*u. Calculate the remainder when k is divided by u.
11
Suppose 3*g - 5*w = -211, 2*w - 1 - 3 = 0. Let d = g - -214. Suppose -4*v + d = 5*o - 99, 3*o - 3*v - 153 = 0. Calculate the remainder when o is divided by 17.
16
Suppose p + 3*p = 220. What is the remainder when p is divided by 29?
26
Let a(s) = s**3 + 4*s**2 - 1. What is the remainder when a(3) is divided by 1 + (-3)/(3/(-20))?
20
Suppose -29*f + 45 = -24*f. Calculate the remainder when 21 is divided by f.
3
Let w = -2 + 4. Suppose c + 8 = w*c. Calculate the remainder when (-14)/(-1) - -3 - 4 is divided by c.
5
Suppose -6 = 6*i - 24. Let k = 10 + -6. What is the remainder when k is divided by i?
1
Suppose 12 = o - 12. What is the remainder when 47 is divided by o?
23
Suppose -q + 1 = 3*t, -t - t + 2*q - 2 = 0. Suppose t = 2*h - h - 43. Let v = -26 + h. Calculate the remainder when 33 is divided by v.
16
Let y = -6 - -10. Suppose -2 + 4 = i, y*t = -2*i + 400. Suppose -j = -3*h + 73, -t = -6*h + h - 4*j. Calculate the remainder when h is divided by 12.
11
Let w = -32 - -62. Let m(u) = u**3 - 7*u**2 + 6*u + 2. Let v be m(6). Let b = v - -14. Calculate the remainder when w is divided by b.
14
Let t(x) = x**2 + 7*x + 7. Let j be t(-7). Let o(c) = -c**3 + 7*c**2 + 3*c - 7. Let i = -70 - -75. Calculate the remainder when o(j) is divided by i.
4
Let q be 2*(-132)/(-8) + 0. Suppose -3*w = 3*j - 3, -j - j - q = -5*w. What is the remainder when 8 is divided by w?
3
Let g = -26 - -39. Let i(k) = -k**3 + 12*k**2 + 16*k. Let n be i(g). Let r = n + -19. What is the remainder when r is divided by 7?
6
Suppose -31*d - 66 = -37*d. Calculate the remainder when 24 is divided by d.
2
Let a be (-2)/(-10) + (-496)/(-20). Let n = a + -14. Calculate the remainder when n is divided by 5 - (0 - 0 - 1).
5
Suppose 1 = -a + 6. What is the remainder when 11 is divided by a?
1
Let y = -239 + 339. Suppose 2*q - 6*q = y. Let t = q + 50. What is the remainder when t is divided by 9?
7
Let z(t) = 19*t + 2. Let p(q) = 20*q + 3. Let k(a) = 3*p(a) - 4*z(a). What is the remainder when 65 is divided by k(-1)?
14
Suppose -2*k - 4*u = -3*k + 14, -2*k + 20 = -4*u. What is the remainder when 22 is divided by k?
4
Let c be (-7)/((-21)/36) - 2. Suppose -3*a + a = -c. Suppose -b - 44 = -a*b. Calculate the remainder when 31 is divided by b.
9
Let f = 3 + -8. Let z(d) = -7*d**2 + 1. Let x(m) = 6*m**2 + m - 1. Let p(w) = f*z(w) - 6*x(w). Calculate the remainder when p(-3) is divided by 6.
4
Suppose -5*z + 119 = 5*o - 41, 0 = -3*o - 2*z + 91. What is the remainder when 106 is divided by o?
25
Let h(m) = -4*m**3 + m**2 - 2*m + 5. Let i be h(-4). Suppose 8*b = 3*b + i. What is the remainder when b is divided by 20?
17
Suppose 92 + 83 = 5*y. Suppose a - 2*r - 18 = 0, -7 = 2*a - 2*r - y. What is the remainder when (0 + a)*1/1 is divided by 6?
4
Suppose 5*z + 3*n = -16, z + 17 = 2*n + 2*n. Let x = z + 13. Calculate the remainder when x is divided by 3.
2
Let r = 63 + -51. Calculate the remainder when 32 is divided by r.
8
Let l be ((-42)/(-9))/((-1)/3). Let w be (12/l)/(2/(-28)). Let n = -5 + w. What is the remainder when 12 is divided by n?
5
Let o(x) = 4*x**3 - x**2 + 1. Let a be o(-2). Let q = a + 59. Suppose -2*d = 5*r - 4*r + 3, 4*r = 4*d - q. What is the remainder when 2 is divided by d?
0
Let s(r) = 3*r + 119. Let q(w) = w + 60. Let f(b) = 5*q(b) - 2*s(b). What is the remainder when f(0) is divided by 21?
20
Let q(d) = d**3 + 6*d**2 + 4*d. Suppose -2*k + 2 = 0, 0 = 4*v - 2*k + k + 21. Calculate the remainder when q(v) is divided by 4.
1
Let a = 5 + -7. Let d = a - -17. Calculate the remainder when 42 is divided by d.
12
Suppose -3*a - 4*y + 430 = 0, 118 = 3*a - 2*a - 5*y. Calculate the remainder when a is divided by 20.
18
Let j be (1/(-2))/(1/(-48)). Suppose 4*o = -l + j, -2*o - 6*l - 2 = -2*l. Let u(g) = -g**3 - g**2 - g + 4. What is the remainder when o is divided by u(0)?
3
Let n = 1 + -1. Suppose 2*l - 4*h = n, l + 2 = -2*h - 2. Let u(j) = -5*j**3 - 2*j**2 - 2*j - 2. What is the remainder when u(l) is divided by 12?
10
Suppose 5*l = 11 - 41. Calculate the remainder when 40/(-6)*l/4 is divided by (-6)/15*10*-1.
2
Let r be (-2 - -2)/(-1 - 1). Suppose 32 = 4*o - r*o. Calculate the remainder when o is divided by 3.
2
Let g = 121 + -68. Let w(y) = -y**3 + 7*y**2 + 3*y - 7. Calculate the remainder when g is divided by w(7).
11
Suppose 4*p - p = 6. Suppose p*s - 2 = 3*d + 3, 3*s + 5*d - 36 = 0. Calculate the remainder when s is divided by (-1)/((-1)/(5 - 2)).
1
Suppose 0 = -4*g + 55 + 121. Let q = 32 + g. Suppose -s + q = 3*s. What is the remainder when s is divided by 7?
5
Suppose 2*c + 19 = -5*g - 34, 0 = 3*c + 2*g + 96. What is the remainder when 49 is divided by (c/3)/((-4)/6)?
15
Suppose t + 4 - 16 = 0. What is the remainder when 33 is divided by t?
9
Let q = 16 + -8. What is the remainder when q is divided by 2?
0
Suppose -4*h = w - 8, 0 = -3*w + 2*w + 3*h + 1. Suppose -2*g - 128 = -6*g - 5*k, -w*g + 88 = -5*k. Calculate the remainder when 79 is divided by g.
25
Let b = 163 + -105. Calculate the remainder when b is divided by 10.
8
Let y(k) = -k**2 + 5*k - 2. Let z be y(2). Let g(r) = r + 4. What is the remainder when 23 is divided by g(z)?
7
Suppose 5*k - 2*h = 10, 5*k - 3*h = -6*h - 15. Suppose k = 2*p + 3*p + 20. Let u = 1 - p. What is the remainder when 8 is divided by u?
3
Let p(s) = -8*s - 4. Calculate the remainder when 111 is divided by p(-4).
27
Suppose 3*l + 5*q - 6 = 2*q, -4 = l + 4*q. Let g = l - 1. Suppose -g*y + 56 = y. Calculate the remainder when 27 is divided by y.
13
Let j(u) = 10*u**2 +